- 5*d. Let g(f) = -f + 1. Let y(i) = -3*g(i) + j(i). List the prime factors of y(-3).
2
Let i(q) = -q**2 - 137*q + 12678. What are the prime factors of i(-184)?
2, 5, 13, 31
Let j(v) = v**3 - 26*v**2 + 50*v. Let w(i) = i - 1. Let c(k) = j(k) - w(k). What are the prime factors of c(24)?
5
Suppose 3*g - 27 - 3 = 0. Suppose -2*d + 2*m - 12 = 5*m, -2*d - g = 2*m. List the prime factors of 89 - ((-3 - d) + -4).
3, 31
Let f = -108 + 64. Let i = f + 46. Suppose 5*g + 8 = -7, 0 = 2*v + i*g - 130. What are the prime factors of v?
2, 17
Let v(y) = -2 - 3 + 7*y + y**2 - 18*y - 5*y. Let o be v(22). Suppose 4*s - 177 = o. List the prime factors of s.
2, 19
Let g(k) be the third derivative of k**6/120 - k**5/20 + 5*k**4/24 - 13*k**3/6 - k**2. Let n = -6240 + 6247. List the prime factors of g(n).
2, 109
Let q be 11 - ((-4)/(-6) - 20/(-15)). Suppose 138 = q*w - 6*w. Let a = -41 + w. What are the prime factors of a?
5
Let o(n) = n**2 + 13*n - 42. Let m be o(-25). Let l = m - 125. Suppose -5*k + 491 = 2*u + l, 0 = -k - u + 71. List the prime factors of k.
2, 3
Let p(c) = c + 9. Let f be p(6). Suppose -3*j - 3*a = a - f, -15 = -3*j + 4*a. Suppose -82 = j*w - 767. What are the prime factors of w?
137
List the prime factors of (-11253)/(-1) - (-43 + 33).
7, 1609
Let h(n) = -5*n**3 + 7*n**2 + n + 1. List the prime factors of h(-10).
3, 7, 271
Let c(j) = -18 - j - 10 - 75*j**2 + 96*j**2 - 30. List the prime factors of c(-7).
2, 3, 163
Let w = 12292 + -6068. Suppose -s + 4275 = 4*u, -4*u - 3*s = -w + 1959. What are the prime factors of u?
2, 5, 107
Let w = 2521 + -140. Let v = -677 + w. What are the prime factors of v?
2, 3, 71
Let c = -719 + 179. List the prime factors of ((-368)/(-24))/((-8)/c).
3, 5, 23
Suppose 5 = 5*g, 4*g + 207195 + 71021 = 5*s. List the prime factors of s.
2, 3, 4637
Let u = -127 + 129. Suppose -u*j - 5*y = j - 645, j + 2*y - 214 = 0. Let v = j - 58. List the prime factors of v.
2, 3
Let b(t) = -t**2 - 9*t + 17. Let u be b(-6). Suppose -14*c = -7*c - u. Suppose -5*p + 65 = 5*n, c*n - 61 = -2*p - 2*p. List the prime factors of n.
3
Suppose -2*q - 5*d = -21, -5*q - 12*d + 13*d = -93. Let n(o) = o**3 - 17*o**2 + 5*o - 1. What are the prime factors of n(q)?
7, 59
Suppose -4*j = -3*o - 1011, 5*j - 1290 = -4*o - o. Suppose -248*x + j*x - 6629 = 0. List the prime factors of x.
947
Let f(n) = n**3 + 4*n**2 + n + 8. Let u be f(-4). Suppose -28 = -3*d - u. What are the prime factors of 4 - ((4 - d) + -24)?
2
Let r(l) = 2*l**2 - 14*l - 30. Let d be r(-15). Let w = d - -107. What are the prime factors of w?
11, 67
Let d be (-126)/26 + 72/(-468). List the prime factors of (d + 2)/(-3*1/1174).
2, 587
Let p(j) = 2*j**3 + 2*j**2 + 370*j - 76. List the prime factors of p(20).
2, 37, 163
Suppose -235*o + 1466080 = -167*o. List the prime factors of o.
2, 5, 7, 11
Suppose 12 - 152 = -10*c. Suppose -7*y + 7329 = c*y. List the prime factors of y.
349
Suppose -5*o = 2*m - 280501, 65995 = 2*o + 5*m - 46218. What are the prime factors of o?
56099
Suppose 0 = -4*t + 21*t + 680. Suppose 3*k = 94 - 301. Let l = t - k. What are the prime factors of l?
29
Suppose 2*t - 15120 = -4*t. Suppose -5*x + 10*s + 2520 = 13*s, -5*x + 5*s = -t. List the prime factors of x.
2, 3, 7
Let r = -3008 + 5509. What are the prime factors of r?
41, 61
Suppose -64*y - 1068 = -67*y. Suppose -a - y = -3*d - 54, -4*a - 317 = -3*d. What are the prime factors of d?
3, 11
Suppose u = -2*u + 12. Suppose -i + 5*p = -0*i - 39, -i + 35 = -u*p. Let f = i - -3. List the prime factors of f.
2, 11
Let p = -31 + 138. Suppose -113*i = -p*i - 4440. List the prime factors of i.
2, 5, 37
Let w(n) = -4*n. Let d = 57 + -57. Let s be w(d). Suppose -3*g - 2*g + 310 = s. List the prime factors of g.
2, 31
Let h be (((-3724)/7)/(-19))/1. Suppose -2*d - 35 = u, -3*d - 2*u = -4*u + 35. List the prime factors of 6800/h - (d/7 - -2).
3
Let r = -124 + 124. Suppose -11*o + 18*o - 3332 = r. List the prime factors of o.
2, 7, 17
Suppose 0 = -6*c + 4 + 8. Suppose 5*n - 31 = -10*s + 7*s, 2*s = -c*n + 14. What are the prime factors of n?
5
Let o = 3090 + -1457. List the prime factors of o.
23, 71
List the prime factors of (-30 - -10)/(-20) + (10877 - -1).
11, 23, 43
Let o = 10486 - -4139. Suppose -20*d + o = 5*d. What are the prime factors of d?
3, 5, 13
Let u(l) = 3*l - 27. Let m be u(9). Suppose m = -2*p - 55 - 61. Let c = 227 + p. List the prime factors of c.
13
Suppose 25*b + 3*m - 2546 = 24*b, -5029 = -2*b + 3*m. What are the prime factors of b?
5, 101
Let c(d) = -14*d + 11. Let s(n) = -13*n + 11. Let k = 84 + -88. Let f(t) = k*c(t) + 5*s(t). List the prime factors of f(-20).
191
Let l be (16/(-6))/((-15)/((-7245)/(-14))). Let f be (24/(-9) - -2) + l/12. What are the prime factors of f/14*(-5 - 0)*-2?
5
Suppose -5*o - 6*c = -2*c - 1011, -o + 201 = 2*c. Suppose -h = -o - 133. Suppose 13*y = 17*y - h. List the prime factors of y.
2, 3, 7
Let w = -9 + 12. Suppose -t + 4 = w*t. Let k = t - -16. List the prime factors of k.
17
Let o(x) be the second derivative of -x**3/3 - 20*x**2 + 18*x. Let u be o(-22). Suppose 3*k - 34 - 141 = -2*d, u*k + 2*d = 234. List the prime factors of k.
59
List the prime factors of 15/(-450)*15 + 22255/2.
3, 3709
Let g be (3 + -1)*(-7 - -13). Suppose -g*r - 1860 = -4980. What are the prime factors of r?
2, 5, 13
Let i(p) = 2. Let j(h) = -h**2 + 31*h - 18. Let k(m) = 5*i(m) + j(m). What are the prime factors of k(13)?
2, 113
Suppose -148*p + 1366366 + 15856 = -65218. What are the prime factors of p?
2, 3, 5, 163
Let b = -180 + 584. Let x = b + -46. What are the prime factors of x?
2, 179
Suppose 4*o + 9 = q, -4*o = 5*q - 8 - 13. Suppose -4*s - 813 = -i - q*s, -4059 = -5*i - 3*s. List the prime factors of i.
2, 3, 5
Suppose -2*q - 2*w = -8, -w - 4 = -4*q - 2*w. Suppose q = 10*v - 657 - 3753. What are the prime factors of v?
3, 7
Let i(q) = 4*q**2 + 9*q - 28. Let g be i(3). Suppose -g = 21*z - 140. List the prime factors of z.
5
Suppose -6*h = 8*h. Let o(n) = -n**3 - n**2 - 1. Let c be o(-2). Suppose -3*g + 4*t = -80, g + g + c*t - 59 = h. List the prime factors of g.
2, 7
Let o(k) = -k**3 - 94*k**2 - 806*k + 204. List the prime factors of o(-87).
3, 41, 47
Suppose 0 = -5*h - 5*z - 430, 5*h - 2*z = 112 - 521. Let t = h - -488. List the prime factors of t.
3, 5
Suppose 4*w + 665 = -3*w. Let o = -80 - w. List the prime factors of 10/o - 830/(-6).
139
Let j be 7 + 15*3/(-9). Let i(c) be the first derivative of 10*c**3 - 3*c**2/2 + 4*c + 1. List the prime factors of i(j).
2, 59
Let j(a) = 2*a**2 + 17*a + 5. Let d be j(-10). Let m = d - 33. List the prime factors of (-2 + -2)*(-1)/m.
2
What are the prime factors of (3 + 315)*(10 - (-13)/2)?
3, 11, 53
List the prime factors of 28/(10 + -3) + -1*(1 + -18594).
3, 6199
Let h(t) = 24*t + 2. Suppose 2*x - 6*x = 32. Let s be 2*-2*6/x. What are the prime factors of h(s)?
2, 37
Suppose 1 + 3 = 2*i. Suppose 4*r - r = 12. List the prime factors of r + -6 + i + 36.
2, 3
Let i be (-3 - 0/(-2))*(-30)/(-18). What are the prime factors of (i - -1 - -392)/2?
2, 97
Let z(n) = n**3 - 32*n**2 - 20*n + 17. Let b be z(35). Suppose b = 10*h - 2*h. What are the prime factors of h?
2, 11, 17
Suppose -243138 = -27*o - 22*o. Suppose -o = -4*s + 1414. List the prime factors of s.
2, 797
Suppose -5*h + 34665 = -u, -12*h + u - 13859 = -14*h. What are the prime factors of h?
2, 1733
What are the prime factors of (-3431267)/(-665) + (2/5)/(0 + 2)?
2, 3, 5, 43
Let b(y) = y**3 - 24*y**2 + 26*y - 75. Let z be b(23). What are the prime factors of (20/z + 3)*-2454?
2, 409
Let h(u) = -1902*u + 3298. What are the prime factors of h(-13)?
2, 31, 113
Let o = 138948 - 96009. What are the prime factors of o?
3, 13, 367
Let l = 69 - 66. Suppose 0 = -2*u + x + 4, x = l*u + 4*x - 6. Suppose 3*y + o - 117 = 0, -u*o - 195 = -5*y - 3*o. What are the prime factors of y?
3, 13
Let a(h) = -8*h + 57*h**2 + 1714 - 1714. What are the prime factors of a(3)?
3, 163
Suppose -6*q + 444606 = 2*k, -11*q + 3*k = -15*q + 296394. What are the prime factors of q?
3, 17, 1453
Let o(s) = -46*s**3 - 2*s**2 - 25*s - 40. List the prime factors of o(-6).
2, 4987
Suppose 0 = 30*w - 203104 - 311756. What are the prime factors of w?
2, 8581
Let a(u) = -276*u - 710. List the prime factors of a(-44).
2, 5717
Suppose 0*g - 9070 = -